at is the greatest common divisor of 12 and z?
12
Let w be (2 + 0 + -2)/((-21)/(-7)). Suppose 3*d - 106 = -5*f + 4*d, 3*f + 4*d - 82 = w. What is the highest common divisor of f and 6?
2
Suppose -12*v = -10*v - 4. Suppose 5*z + 100 = 3*q + 637, v*z = 4*q + 226. What is the highest common divisor of 63 and z?
21
Suppose -436*v = -431*v - 80. Calculate the highest common factor of 12 and v.
4
Suppose 2*p = p + 4. Suppose 10 + 114 = 4*z + 4*d, 4*d = 0. Suppose -z*o = -8*o - 828. What is the greatest common factor of p and o?
4
Let a = 83 - 82. Let u be a + ((-15)/5 - -238). What is the greatest common factor of 4 and u?
4
Let z = 49738 + -30111. What is the greatest common factor of z and 19?
19
Suppose -100*g = -96*g - 1452. Suppose 369*v - 264 = g*v. Calculate the highest common factor of v and 66.
22
Let z = -571 + 1000. Let q = z + -225. What is the greatest common factor of 153 and q?
51
Let f(z) = -685*z**2 - 16*z + 17. Let k be f(1). Let b = k + 695. Let s be (5 - (-4)/(-2)) + -2. Calculate the highest common factor of b and s.
1
Suppose 4*s = -36, -393 = -5*z - 797*s + 794*s. What is the highest common factor of z and 4844?
28
Let h be (-2 - (17 + 6))/(-1). Suppose -h*k + 1321 = 271. What is the greatest common factor of 336 and k?
42
Suppose 4*i - i + 5*t = -25, -i - 3*t - 15 = 0. Suppose 5*a - 102 - 378 = i. What is the greatest common factor of 3 and a?
3
Suppose 727 = 7*a - 881 + 180. What is the highest common divisor of a and 5559?
51
Let k = 140 - 75. Let s be -1*2/15 + (-19552)/(-390). Suppose -5*n = 5*x - s, -x - x = 4*n - 30. Calculate the greatest common factor of k and n.
5
Suppose -10*m - 148 = -6*m. Let z = -39 - m. Let n be -26*(-1)/(-2)*z. Calculate the greatest common divisor of n and 26.
26
Let y = -937 - -1192. Let b be (2/2)/(17/y). Calculate the highest common divisor of b and 240.
15
Let p be (-11)/(165/(-18))*40/16. Suppose -4*z + 4*k - 3*k = -181, 3*z + p*k - 132 = 0. What is the highest common divisor of z and 360?
45
Let g(p) = -p**3 + 43*p**2 + 142*p - 341. Let a be g(41). Calculate the highest common factor of a and 239.
239
Suppose -1014 + 338 = -13*p. Suppose 1890 = -47*j + p*j. What is the highest common divisor of 14 and j?
14
Let a = 28093 - 27333. Calculate the greatest common factor of a and 3160.
40
Let p = 359 + -117. Let z = -940 + 1028. What is the highest common factor of p and z?
22
Suppose 0 = n + 6*n - 350. Suppose 11*o = o + n. Suppose 5*j - 5*f = 70, -o*j + 2*j - 2*f = -52. Calculate the highest common divisor of 2 and j.
2
Suppose m - 4*k = 24, 2*m + 0*m - 15 = -3*k. Calculate the highest common divisor of 1986 and m.
6
Let o = 5902 - 5122. What is the greatest common factor of o and 702?
78
Suppose 350 = 3*a - 5*i, -18*a + 3*i = -17*a - 126. Calculate the highest common divisor of 15365 and a.
35
Suppose -3*a + 5*z + 27 = -5, 0 = 4*a + 4*z - 32. Let v(h) = h**2 - 7*h - 12. Let d be v(a). Calculate the greatest common divisor of 3 and d.
3
Suppose 0 = -33*f - 7*f + 4800. What is the greatest common divisor of f and 3560?
40
Suppose -13*i + 18*i - 460 = 0. Let a = 86 - i. Let p be 30 - (-2*1 + (a - -4)). What is the greatest common divisor of 2 and p?
2
Suppose -3*c + 77 = -z, -3*c + 3*z + 42 + 39 = 0. Let g(f) = -9*f - 58 + c + 25. Let r be g(-3). What is the highest common factor of r and 19?
19
Suppose -5 = -9*g + 31. Suppose -46 = g*u - 98. Suppose -5*y + u = -87. What is the highest common factor of y and 30?
10
Let x be 100/(-150) - (-1 - -629)*2/(-12). Calculate the highest common factor of x and 40.
8
Let x(i) = -84*i - 4. Let g be x(-5). Let c be (-3)/3*(-476 - -444). Calculate the greatest common divisor of g and c.
32
Let w(n) = -111 + 5*n**2 + 108 - n - 6*n. Let x be w(10). Suppose 4*d + 596 = 5*j, 5*j - x = d + 172. Calculate the greatest common divisor of j and 24.
24
Let b(u) = -u**2 - 108*u - 101. Let p be b(-99). What is the greatest common factor of 40 and p?
10
Let w = 190 + -186. Suppose 4*i + 5*a - w*a = 58, -3*a = -2*i + 36. What is the highest common factor of 60 and i?
15
Let d = 12 - 1. Suppose -14*g = -d*g - 336. What is the greatest common factor of g and 42?
14
Let u = -80 + 89. Suppose -5*h = 8 + 7, -393 = -4*m - h. Calculate the greatest common factor of u and m.
9
Suppose 0 = 27*l - 32*l - 4*h + 13514, -2*l - 5*h + 5426 = 0. What is the greatest common factor of 19 and l?
19
Let i be (-26)/195 + 4202/15. Suppose -i = -d - 3*o, 4*o - 1345 = -d - 4*d. What is the greatest common factor of d and 106?
53
Suppose -50 = 3*n - 47. Let a(d) = -94*d - 2. Let g be a(n). Suppose -4*p + 2*c + 96 = 0, p + 4*c - 107 = -4*p. Calculate the highest common factor of g and p.
23
Let g be 2*(-252)/49*(-7)/2. Suppose 2*b + 4*m = 20, -3*m - m - g = -2*b. What is the highest common factor of 7 and b?
7
Suppose -96*z = -13*z - 387112. Calculate the greatest common divisor of 616 and z.
88
Let o(v) = -v**2 - v - 35. Let h be o(0). Let c = -33 - h. Suppose 5*k - 2*g + 7*g - 40 = 0, c*g + 62 = 4*k. What is the greatest common factor of 104 and k?
13
Let c(l) = l + 8. Let q be c(12). Let s(z) = 39*z**2 - 61*z - 25. Let f be s(-1). Calculate the greatest common divisor of f and q.
5
Suppose -3*f + 8400 = 2*f. Let d = 64708 - 64693. Calculate the greatest common factor of d and f.
15
Let p be (39 - 9)/(2 - 0). Let v(s) = -5*s**2 + s**2 + 2*s + 3 + 0*s**3 - 1 + s**3. Let h be v(4). Calculate the highest common divisor of p and h.
5
Let h = -137 - -141. Suppose -4*s + 553 = 3*i - 150, -3*s + h*i = -496. What is the greatest common divisor of 215 and s?
43
Let c = -5112 + 5338. Calculate the greatest common divisor of c and 2.
2
Suppose -l + 5*l = q + 74, l = -5*q + 29. Let i = -1 - l. Let f be (8 - 13)*6*6/i. What is the greatest common factor of f and 9?
9
Let u(w) = 163*w**2 - 47*w + 33. Let z be u(6). Calculate the greatest common divisor of z and 3.
3
Let d(u) = -u**2 + 37*u - 25. Suppose 81 = 3*n - 2*o + 5*o, -2*o = 5*n - 135. Let p be d(n). What is the greatest common factor of 35 and p?
35
Suppose -23*v = 90 - 2091. Calculate the highest common divisor of 667 and v.
29
Suppose 16699 + 23579 = 333*j + 13638. Calculate the greatest common factor of j and 2256.
16
Let x = 3101 - 2264. What is the highest common factor of 62 and x?
31
Suppose -4*o + 1095 = -3*c, -22*c = o - 27*c - 261. Let z be 23/2*6/1. What is the highest common factor of z and o?
69
Let b be (-5)/(-35) - (-3 - 12/14). Let x be (-6)/(-1)*b/6. Let a be 1/x - 1148/(-16). Calculate the greatest common factor of a and 8.
8
Suppose 2*r - 7*r = -210. Suppose -b = r - 80. What is the greatest common factor of 76 and b?
38
Suppose -3*f = -47*y + 45*y - 18, 5*f + 3*y - 30 = 0. Calculate the highest common factor of 6 and f.
6
Suppose 61*v - 74*v = -559. Calculate the greatest common factor of v and 602.
43
Suppose -4*x = 5*r - 50, 14 = -r - 3*x + 7*x. Suppose 0 = r*l - 26 - 4. Calculate the greatest common factor of 95 and l.
5
Let t be (-744)/40*(-49 + 14). Let a be (3 - (39 - 1))*3/(-5). Calculate the greatest common factor of a and t.
21
Let h(q) = 3347*q - 1885. Let s be h(17). Calculate the greatest common divisor of s and 318.
318
Suppose 0 = -5*b - 5, 3*k = 10*b - 7*b + 8688. What is the greatest common factor of k and 105?
15
Let g(r) = r**2 + 11*r + 13. Let k(z) = 2*z**3 - 40*z**2 + 37*z + 6. Let n be k(19). Let b be g(n). Calculate the greatest common factor of b and 39.
39
Let r be (1893/114 - (-6)/(-57))*46. Let x = -679 + r. Calculate the greatest common divisor of x and 100.
20
Let v(y) = 123*y + 120. Let f be v(-6). Let x = -519 - f. What is the greatest common factor of 9 and x?
9
Suppose 20*p - 32 = 16*p. Let h(a) = 2*a**2 - 17*a + 33. Let z be h(11). Calculate the highest common factor of p and z.
8
Let q be (-6 + 11)*(-2)/((-20)/6). Suppose 138 + 54 = q*x. What is the highest common factor of 48 and x?
16
Suppose -27*c = -c - 997 - 1109. Calculate the greatest common factor of c and 9369.
27
Let b = -3 + -7. Let g be (-9)/(-5)*(147 - b/(-5)). Suppose -4*j + g = -27. What is the highest common factor of j and 18?
18
Let o(t) = 11*t**3 + 3*t - 3. Let w be -2 - (7 - 8) - -6*1. Let k be (0 - (-1 - -2))*(4 - w). Let a be o(k). What is the highest common factor of 11 and a?
11
Let q = -190 - -193. Suppose -4*d = -5